{"id":2,"date":"2020-01-20T15:49:19","date_gmt":"2020-01-20T15:49:19","guid":{"rendered":"https:\/\/psy-laurentinacio.fr\/?page_id=2"},"modified":"2024-10-12T10:06:06","modified_gmt":"2024-10-12T10:06:06","slug":"accueil","status":"publish","type":"page","link":"https:\/\/www.psy-laurentinacio.fr\/","title":{"rendered":"Accueil"},"content":{"rendered":"\t\t<div data-elementor-type=\"wp-page\" data-elementor-id=\"2\" class=\"elementor elementor-2\" data-elementor-post-type=\"page\">\n\t\t\t\t\t\t<section class=\"elementor-section elementor-top-section elementor-element elementor-element-19d34db elementor-section-stretched elementor-section-full_width elementor-section-content-top elementor-section-height-default elementor-section-height-default\" data-id=\"19d34db\" data-element_type=\"section\" data-e-type=\"section\" data-settings=\"{&quot;stretch_section&quot;:&quot;section-stretched&quot;,&quot;background_background&quot;:&quot;classic&quot;}\">\n\t\t\t\t\t\t<div class=\"elementor-container elementor-column-gap-default\">\n\t\t\t\t\t<div class=\"elementor-column elementor-col-50 elementor-top-column elementor-element elementor-element-de0dbd8\" data-id=\"de0dbd8\" data-element_type=\"column\" data-e-type=\"column\" data-settings=\"{&quot;background_background&quot;:&quot;classic&quot;}\">\n\t\t\t<div class=\"elementor-widget-wrap\">\n\t\t\t\t\t\t\t<\/div>\n\t\t<\/div>\n\t\t\t\t<div class=\"elementor-column elementor-col-50 elementor-top-column elementor-element elementor-element-0c817a4\" data-id=\"0c817a4\" data-element_type=\"column\" data-e-type=\"column\">\n\t\t\t<div class=\"elementor-widget-wrap elementor-element-populated\">\n\t\t\t\t\t\t<div class=\"elementor-element elementor-element-7691de0 elementor-widget elementor-widget-heading\" data-id=\"7691de0\" data-element_type=\"widget\" data-e-type=\"widget\" data-widget_type=\"heading.default\">\n\t\t\t\t<div class=\"elementor-widget-container\">\n\t\t\t\t\t<h2 class=\"elementor-heading-title elementor-size-default\">Laurent<\/h2>\t\t\t\t<\/div>\n\t\t\t\t<\/div>\n\t\t\t\t<div class=\"elementor-element elementor-element-525420b elementor-widget elementor-widget-heading\" data-id=\"525420b\" data-element_type=\"widget\" data-e-type=\"widget\" data-widget_type=\"heading.default\">\n\t\t\t\t<div class=\"elementor-widget-container\">\n\t\t\t\t\t<h2 class=\"elementor-heading-title elementor-size-default\">Inacio<\/h2>\t\t\t\t<\/div>\n\t\t\t\t<\/div>\n\t\t\t\t<div class=\"elementor-element elementor-element-c9d13dd elementor-widget elementor-widget-heading\" data-id=\"c9d13dd\" data-element_type=\"widget\" data-e-type=\"widget\" data-widget_type=\"heading.default\">\n\t\t\t\t<div class=\"elementor-widget-container\">\n\t\t\t\t\t<h2 class=\"elementor-heading-title elementor-size-default\">Psychologue clinicien<br>\npsychoth\u00e9rapeute<\/h2>\t\t\t\t<\/div>\n\t\t\t\t<\/div>\n\t\t\t\t<div class=\"elementor-element elementor-element-11f4b49 elementor-widget elementor-widget-heading\" data-id=\"11f4b49\" data-element_type=\"widget\" data-e-type=\"widget\" data-widget_type=\"heading.default\">\n\t\t\t\t<div class=\"elementor-widget-container\">\n\t\t\t\t\t<h2 class=\"elementor-heading-title elementor-size-default\">Enfants, adolescents, adultes, familles, groupes \u00e0 m\u00e9ditation\n\n<\/h2>\t\t\t\t<\/div>\n\t\t\t\t<\/div>\n\t\t\t\t<div class=\"elementor-element elementor-element-9ba9920 elementor-widget-divider--view-line elementor-widget elementor-widget-divider\" data-id=\"9ba9920\" data-element_type=\"widget\" data-e-type=\"widget\" data-widget_type=\"divider.default\">\n\t\t\t\t<div class=\"elementor-widget-container\">\n\t\t\t\t\t\t\t<div class=\"elementor-divider\">\n\t\t\t<span class=\"elementor-divider-separator\">\n\t\t\t\t\t\t<\/span>\n\t\t<\/div>\n\t\t\t\t\t\t<\/div>\n\t\t\t\t<\/div>\n\t\t\t\t<div class=\"elementor-element elementor-element-ca4c573 elementor-widget elementor-widget-text-editor\" data-id=\"ca4c573\" data-element_type=\"widget\" data-e-type=\"widget\" data-widget_type=\"text-editor.default\">\n\t\t\t\t<div class=\"elementor-widget-container\">\n\t\t\t\t\t\t\t\t\t<p>Je suis psychologue clinicien dipl\u00f4m\u00e9 d\u2019\u00e9tat et psychoth\u00e9rapeute. Ma pratique peut \u00e0 la fois \u00eatre \u00ab&nbsp;classique&nbsp;\u00bb en proposant des entretiens individuels et \u00ab&nbsp;sp\u00e9cifique&nbsp;\u00bb se construisant&nbsp; dans les rencontres m\u00e9diatis\u00e9es avec et autour de l&rsquo;environnement nature, dans une approche horti-th\u00e9rapeutique. <b>Le jardin, les espaces de cultures, sonores et vivants sont des terrains o\u00f9 peuvent se d\u00e9ployer les diff\u00e9rents mouvements psychiques et corporels.<\/b><\/p>\n<p>A ce titre, les supports th\u00e9rapeutiques apparaissent au fil des rencontres.<\/p>\n<p>Dans un cadre hospitalier, je propose des groupes th\u00e9rapeutiques o\u00f9 la th\u00e9\u00e2tralisation travaille aux parcours de vie des patients et des soignants. J&rsquo;interviens \u00e9galement dans une \u00e9quipe de psychologues d\u00e9tach\u00e9s de l&rsquo;h\u00f4pital Saint Jean de Dieu au centre ATIS, autour d&rsquo;un projet accompagnant la crise psychosociale dans la pr\u00e9vention du suicide et de l&rsquo;isolement.<\/p>\n<p><\/p>\n<p><b>Mon approche th\u00e9orique se r\u00e9f\u00e8re \u00e0 la psychanalyse dans un contexte de rencontre des cultures&nbsp;: l&rsquo;interculturalit\u00e9. <\/b>C&rsquo;est une bo\u00eete \u00e0 outils que j&rsquo;aime appeler \u00ab&nbsp;ma toile de fond&nbsp;\u00bb. Elle est comme un point d&rsquo;appui, une aide \u00e0 la mise en sens.<\/p>\n<p>En \u00e9tant \u00e0 l&rsquo;\u00e9coute de votre discours, de vos silences, des diff\u00e9rents moments de la relation, des g\u00eanes, des oublis, des non-dits parfois plus inconscients, je vous propose de porter notre regard sur la relation que vous entretenez avec vous m\u00eame. Vos \u00e9motions sont l\u00e0 pour en parler et la lecture de celles-ci permet une certaine appropriation et compr\u00e9hension de vos v\u00e9cus internes. La relation \u00e0 soi se construit au sein m\u00eame de la relation \u00e0 l&rsquo;autre. C&rsquo;est \u00e0 ce titre que je propose une th\u00e9rapie du lien. A travers la construction d&rsquo;une relation th\u00e9rapeutique, une exp\u00e9rience des liens, nous interrogeons la direction de vie, le lien \u00e0 soi, \u00e0 l&rsquo;autre, au groupe, \u00e0 la culture, \u00e0 l&rsquo;itin\u00e9raire et au trac\u00e9, \u00e0 la trajectoire, aux allers vers&#8230; de notre vie.<\/p>\t\t\t\t\t\t\t\t<\/div>\n\t\t\t\t<\/div>\n\t\t\t\t<div class=\"elementor-element elementor-element-3845dbd elementor-widget elementor-widget-text-editor\" data-id=\"3845dbd\" data-element_type=\"widget\" data-e-type=\"widget\" data-widget_type=\"text-editor.default\">\n\t\t\t\t<div class=\"elementor-widget-container\">\n\t\t\t\t\t\t\t\t\t<p><span style=\"font-size: inherit; text-align: inherit; letter-spacing: -0.015em;\">Dans l\u2019exercice de ma profession je suis tenu au respect du <\/span><a style=\"font-size: inherit; text-align: inherit; letter-spacing: -0.015em;\" href=\"http:\/\/www.codededeontologiedespsychologues.fr\/LE-CODE.html\">Code de D\u00e9ontologie des Psychologues<\/a><span style=\"font-size: inherit; text-align: inherit; letter-spacing: -0.015em;\">,incluant le secret professionnel qui vous garantit confidentialit\u00e9 et anonymat.<\/span><\/p>\t\t\t\t\t\t\t\t<\/div>\n\t\t\t\t<\/div>\n\t\t\t\t<div class=\"elementor-element elementor-element-f899632 elementor-align-right elementor-widget elementor-widget-button\" data-id=\"f899632\" data-element_type=\"widget\" data-e-type=\"widget\" data-widget_type=\"button.default\">\n\t\t\t\t<div class=\"elementor-widget-container\">\n\t\t\t\t\t\t\t\t\t<div class=\"elementor-button-wrapper\">\n\t\t\t\t\t<a class=\"elementor-button elementor-button-link elementor-size-md\" href=\"#Consultations\">\n\t\t\t\t\t\t<span class=\"elementor-button-content-wrapper\">\n\t\t\t\t\t\t\t\t\t<span class=\"elementor-button-text\">EN SAVOIR +<\/span>\n\t\t\t\t\t<\/span>\n\t\t\t\t\t<\/a>\n\t\t\t\t<\/div>\n\t\t\t\t\t\t\t\t<\/div>\n\t\t\t\t<\/div>\n\t\t\t\t\t<\/div>\n\t\t<\/div>\n\t\t\t\t\t<\/div>\n\t\t<\/section>\n\t\t\t\t<section class=\"elementor-section elementor-top-section elementor-element elementor-element-c27d5e1 elementor-section-stretched elementor-section-full_width elementor-section-height-min-height elementor-section-items-top elementor-section-content-top elementor-section-height-default\" data-id=\"c27d5e1\" data-element_type=\"section\" data-e-type=\"section\" data-settings=\"{&quot;stretch_section&quot;:&quot;section-stretched&quot;,&quot;background_background&quot;:&quot;classic&quot;}\">\n\t\t\t\t\t\t<div class=\"elementor-container elementor-column-gap-default\">\n\t\t\t\t\t<div class=\"elementor-column elementor-col-50 elementor-top-column elementor-element elementor-element-a62bed0\" data-id=\"a62bed0\" data-element_type=\"column\" data-e-type=\"column\">\n\t\t\t<div class=\"elementor-widget-wrap elementor-element-populated\">\n\t\t\t\t\t\t<div class=\"elementor-element elementor-element-4e73fd6 elementor-widget elementor-widget-menu-anchor\" data-id=\"4e73fd6\" data-element_type=\"widget\" data-e-type=\"widget\" data-widget_type=\"menu-anchor.default\">\n\t\t\t\t<div class=\"elementor-widget-container\">\n\t\t\t\t\t\t\t<div class=\"elementor-menu-anchor\" id=\"Consultations\"><\/div>\n\t\t\t\t\t\t<\/div>\n\t\t\t\t<\/div>\n\t\t\t\t<div class=\"elementor-element elementor-element-62060ba elementor-widget elementor-widget-heading\" data-id=\"62060ba\" data-element_type=\"widget\" data-e-type=\"widget\" data-widget_type=\"heading.default\">\n\t\t\t\t<div class=\"elementor-widget-container\">\n\t\t\t\t\t<h2 class=\"elementor-heading-title elementor-size-default\">Consultations<\/h2>\t\t\t\t<\/div>\n\t\t\t\t<\/div>\n\t\t\t\t<div class=\"elementor-element elementor-element-df947e1 elementor-widget-divider--view-line elementor-widget elementor-widget-divider\" data-id=\"df947e1\" data-element_type=\"widget\" data-e-type=\"widget\" data-widget_type=\"divider.default\">\n\t\t\t\t<div class=\"elementor-widget-container\">\n\t\t\t\t\t\t\t<div class=\"elementor-divider\">\n\t\t\t<span class=\"elementor-divider-separator\">\n\t\t\t\t\t\t<\/span>\n\t\t<\/div>\n\t\t\t\t\t\t<\/div>\n\t\t\t\t<\/div>\n\t\t\t\t<div class=\"elementor-element elementor-element-e588123 elementor-widget elementor-widget-text-editor\" data-id=\"e588123\" data-element_type=\"widget\" data-e-type=\"widget\" data-widget_type=\"text-editor.default\">\n\t\t\t\t<div class=\"elementor-widget-container\">\n\t\t\t\t\t\t\t\t\t<p>Le temps et l&rsquo;espace de consultation psychologique se pr\u00e9sentent d&rsquo;abord comme une suggestion&nbsp; et\/ou une invitation \u00e0 se d\u00e9placer dans un lieu th\u00e9rapeutique.<\/p>\n<p>Mais si la rencontre th\u00e9rapeutique se fait en pr\u00e9sence, par ce d\u00e9placement, en face de quelqu&rsquo;un, elle propose surtout de choisir de venir vers soi-m\u00eame en investissant un temps et un espace interne.&nbsp;<span style=\"font-size: inherit; letter-spacing: -0.015em; text-align: inherit;\">Ce choix, qui parfois peut \u00eatre un non-choix, un besoin, une n\u00e9cessit\u00e9, semble appara\u00eetre dans les \u00e9tats de souffrance morale qui envahissent et qui emp\u00eachent tout un chacun.<\/span><br><\/p>\n<p>Lors de la premi\u00e8re rencontre, il s&rsquo;agit d&rsquo;abord de se pr\u00e9senter au travers de ce qui fait pression, pouss\u00e9e et tension, pour aller vers une demande th\u00e9rapeutique. Malgr\u00e9 qu&rsquo;elle soit souvent sous-tendue par une certaine impossibilit\u00e9 \u00e0 faire autrement, celle-ci r\u00e9pond aussi \u00e0 une volont\u00e9 de mieux se conna\u00eetre. C&rsquo;est un r\u00e9el mouvement vers soi.<\/p>\n<p>La premi\u00e8re d\u00e9marche aupr\u00e8s d&rsquo;un psychologue s&rsquo;initie lorsque na\u00eet l&rsquo;envie de se comprendre, de se confronter \u00e0 ses difficult\u00e9s, de se r\u00e9soudre. Une recherche de clairvoyance mobilisant l&rsquo;\u00eatre en souffrance, interrogeant son monde interne.<\/p>\t\t\t\t\t\t\t\t<\/div>\n\t\t\t\t<\/div>\n\t\t\t\t\t<\/div>\n\t\t<\/div>\n\t\t\t\t<div class=\"elementor-column elementor-col-50 elementor-top-column elementor-element elementor-element-5fdad71\" data-id=\"5fdad71\" data-element_type=\"column\" data-e-type=\"column\" data-settings=\"{&quot;background_background&quot;:&quot;classic&quot;}\">\n\t\t\t<div class=\"elementor-widget-wrap elementor-element-populated\">\n\t\t\t\t\t\t<div class=\"elementor-element elementor-element-f517bc1 elementor-widget elementor-widget-spacer\" data-id=\"f517bc1\" data-element_type=\"widget\" data-e-type=\"widget\" data-widget_type=\"spacer.default\">\n\t\t\t\t<div class=\"elementor-widget-container\">\n\t\t\t\t\t\t\t<div class=\"elementor-spacer\">\n\t\t\t<div class=\"elementor-spacer-inner\"><\/div>\n\t\t<\/div>\n\t\t\t\t\t\t<\/div>\n\t\t\t\t<\/div>\n\t\t\t\t\t<\/div>\n\t\t<\/div>\n\t\t\t\t\t<\/div>\n\t\t<\/section>\n\t\t\t\t<section class=\"elementor-section elementor-top-section elementor-element elementor-element-ffacafe elementor-section-stretched elementor-section-full_width elementor-section-height-min-height elementor-section-items-top elementor-section-content-top elementor-section-height-default\" data-id=\"ffacafe\" data-element_type=\"section\" data-e-type=\"section\" data-settings=\"{&quot;stretch_section&quot;:&quot;section-stretched&quot;,&quot;background_background&quot;:&quot;classic&quot;}\">\n\t\t\t\t\t\t<div class=\"elementor-container elementor-column-gap-default\">\n\t\t\t\t\t<div class=\"elementor-column elementor-col-50 elementor-top-column elementor-element elementor-element-a5af398\" data-id=\"a5af398\" data-element_type=\"column\" data-e-type=\"column\" data-settings=\"{&quot;background_background&quot;:&quot;classic&quot;}\">\n\t\t\t<div class=\"elementor-widget-wrap elementor-element-populated\">\n\t\t\t\t\t\t<div class=\"elementor-element elementor-element-410897a elementor-widget elementor-widget-spacer\" data-id=\"410897a\" data-element_type=\"widget\" data-e-type=\"widget\" data-widget_type=\"spacer.default\">\n\t\t\t\t<div class=\"elementor-widget-container\">\n\t\t\t\t\t\t\t<div class=\"elementor-spacer\">\n\t\t\t<div class=\"elementor-spacer-inner\"><\/div>\n\t\t<\/div>\n\t\t\t\t\t\t<\/div>\n\t\t\t\t<\/div>\n\t\t\t\t\t<\/div>\n\t\t<\/div>\n\t\t\t\t<div class=\"elementor-column elementor-col-50 elementor-top-column elementor-element elementor-element-feeb1e1\" data-id=\"feeb1e1\" data-element_type=\"column\" data-e-type=\"column\">\n\t\t\t<div class=\"elementor-widget-wrap elementor-element-populated\">\n\t\t\t\t\t\t<div class=\"elementor-element elementor-element-f1dd13d elementor-widget elementor-widget-heading\" data-id=\"f1dd13d\" data-element_type=\"widget\" data-e-type=\"widget\" data-widget_type=\"heading.default\">\n\t\t\t\t<div class=\"elementor-widget-container\">\n\t\t\t\t\t<h2 class=\"elementor-heading-title elementor-size-default\">Soin groupal psycho-\u00e9ducatif<\/h2>\t\t\t\t<\/div>\n\t\t\t\t<\/div>\n\t\t\t\t<div class=\"elementor-element elementor-element-9bf8e51 elementor-widget-divider--view-line elementor-widget elementor-widget-divider\" data-id=\"9bf8e51\" data-element_type=\"widget\" data-e-type=\"widget\" data-widget_type=\"divider.default\">\n\t\t\t\t<div class=\"elementor-widget-container\">\n\t\t\t\t\t\t\t<div class=\"elementor-divider\">\n\t\t\t<span class=\"elementor-divider-separator\">\n\t\t\t\t\t\t<\/span>\n\t\t<\/div>\n\t\t\t\t\t\t<\/div>\n\t\t\t\t<\/div>\n\t\t\t\t<div class=\"elementor-element elementor-element-4e0d9c4 elementor-widget elementor-widget-text-editor\" data-id=\"4e0d9c4\" data-element_type=\"widget\" data-e-type=\"widget\" data-widget_type=\"text-editor.default\">\n\t\t\t\t<div class=\"elementor-widget-container\">\n\t\t\t\t\t\t\t\t\t<p style=\"text-align: center;\"><em>\u00ab\u00a0\u00eatre un groupe, \u00eatre en groupe, faire du groupe\u00a0\u00bb<\/em><\/p><p>Le \u00ab\u00a0local psy\u00a0\u00bb de Chabani\u00e8re se situe au centre du village. Ce village existe quant \u00e0 lui, dans une localit\u00e9 riche de diversit\u00e9 de paysage et de nature. <br \/><br \/>C&rsquo;est dans ce contexte rural que peut \u00eatre propos\u00e9 un soin groupal psycho-\u00e9ducatif, en prenant appui sur la richesse de cet environnement. L\u00e0 o\u00f9 le trac\u00e9 ne trouve pas toujours de direction chez l&rsquo;enfant et\/ou l\u2019adolescent, il s&rsquo;agit de construire du sens dans l&rsquo;itin\u00e9rance, dans le parcours d&rsquo;un temps vers un autre, d&rsquo;un lieu vers un autre, d&rsquo;un d\u00e9sir vers sa satisfaction. Entre le \u00ab\u00a0local psy\u00a0\u00bb et le jardin potager, il se trouve des rencontres villageoises, l&rsquo;\u00e9picerie, la boulangerie, peut-\u00eatre ce qui fait rep\u00e8re lorsqu\u2019il s&rsquo;agit de la confection du repas. Autour de diff\u00e9rents temps de vie en appui sur la saisonnalit\u00e9, ces groupes d&rsquo;enfants et d&rsquo;adolescents se forment \u00e0 la suite de consultations \u00e9valuatives ou j&rsquo;accueille les parents et leur\u00a0 enfant afin de construire un projet de soin groupal.<\/p><p>Imaginer des espaces th\u00e9rapeutiques au c\u0153ur de l&rsquo;espace rural c&rsquo;est tenter de construire des rep\u00e8res et des supports \u00e0 ce qui reste insupportable, de restaurer les liens entre soi et l&rsquo;autre.<\/p>\t\t\t\t\t\t\t\t<\/div>\n\t\t\t\t<\/div>\n\t\t\t\t\t<\/div>\n\t\t<\/div>\n\t\t\t\t\t<\/div>\n\t\t<\/section>\n\t\t\t\t<section class=\"elementor-section elementor-top-section elementor-element elementor-element-918c951 elementor-section-full_width elementor-section-height-min-height elementor-section-height-default elementor-section-items-middle\" data-id=\"918c951\" data-element_type=\"section\" data-e-type=\"section\" data-settings=\"{&quot;background_background&quot;:&quot;classic&quot;}\">\n\t\t\t\t\t\t<div class=\"elementor-container elementor-column-gap-default\">\n\t\t\t\t\t<div class=\"elementor-column elementor-col-50 elementor-top-column elementor-element elementor-element-1530f0e\" data-id=\"1530f0e\" data-element_type=\"column\" data-e-type=\"column\">\n\t\t\t<div class=\"elementor-widget-wrap elementor-element-populated\">\n\t\t\t\t\t\t<div class=\"elementor-element elementor-element-c28e773 elementor-widget elementor-widget-heading\" data-id=\"c28e773\" data-element_type=\"widget\" data-e-type=\"widget\" data-widget_type=\"heading.default\">\n\t\t\t\t<div class=\"elementor-widget-container\">\n\t\t\t\t\t<h2 class=\"elementor-heading-title elementor-size-default\">Me contacter<\/h2>\t\t\t\t<\/div>\n\t\t\t\t<\/div>\n\t\t\t\t<div class=\"elementor-element elementor-element-eaa272b elementor-widget-divider--view-line elementor-widget elementor-widget-divider\" data-id=\"eaa272b\" data-element_type=\"widget\" data-e-type=\"widget\" data-widget_type=\"divider.default\">\n\t\t\t\t<div class=\"elementor-widget-container\">\n\t\t\t\t\t\t\t<div class=\"elementor-divider\">\n\t\t\t<span class=\"elementor-divider-separator\">\n\t\t\t\t\t\t<\/span>\n\t\t<\/div>\n\t\t\t\t\t\t<\/div>\n\t\t\t\t<\/div>\n\t\t\t\t<div class=\"elementor-element elementor-element-4f34c5e elementor-widget elementor-widget-heading\" data-id=\"4f34c5e\" data-element_type=\"widget\" data-e-type=\"widget\" data-widget_type=\"heading.default\">\n\t\t\t\t<div class=\"elementor-widget-container\">\n\t\t\t\t\t<h2 class=\"elementor-heading-title elementor-size-default\">1, place des deux Clochers<br>\nSaint Didier sous Riverie - 69440 CHABANI\u00c8RE<\/h2>\t\t\t\t<\/div>\n\t\t\t\t<\/div>\n\t\t\t\t<div class=\"elementor-element elementor-element-c6286b0 elementor-button-align-stretch elementor-widget elementor-widget-form\" data-id=\"c6286b0\" data-element_type=\"widget\" data-e-type=\"widget\" data-settings=\"{&quot;step_next_label&quot;:&quot;Suivant&quot;,&quot;step_previous_label&quot;:&quot;Pr\\u00e9c\\u00e9dent&quot;,&quot;button_width&quot;:&quot;100&quot;,&quot;step_type&quot;:&quot;number_text&quot;,&quot;step_icon_shape&quot;:&quot;circle&quot;}\" data-widget_type=\"form.default\">\n\t\t\t\t<div class=\"elementor-widget-container\">\n\t\t\t\t\t\t\t<form class=\"elementor-form\" method=\"post\" name=\"New Form\" aria-label=\"New Form\">\n\t\t\t<input type=\"hidden\" name=\"post_id\" value=\"2\"\/>\n\t\t\t<input type=\"hidden\" name=\"form_id\" value=\"c6286b0\"\/>\n\t\t\t<input type=\"hidden\" name=\"referer_title\" value=\"\" \/>\n\n\t\t\t\t\t\t\t<input type=\"hidden\" name=\"queried_id\" value=\"2\"\/>\n\t\t\t\n\t\t\t<div class=\"elementor-form-fields-wrapper elementor-labels-\">\n\t\t\t\t\t\t\t\t<div class=\"elementor-field-type-text elementor-field-group elementor-column elementor-field-group-name elementor-col-100 elementor-field-required\">\n\t\t\t\t\t\t\t\t\t\t\t\t<label for=\"form-field-name\" class=\"elementor-field-label elementor-screen-only\">\n\t\t\t\t\t\t\t\tnom\t\t\t\t\t\t\t<\/label>\n\t\t\t\t\t\t\t\t\t\t\t\t\t\t<input size=\"1\" type=\"text\" name=\"form_fields[name]\" id=\"form-field-name\" class=\"elementor-field elementor-size-md  elementor-field-textual\" placeholder=\"Nom Pr\u00e9nom\" required=\"required\">\n\t\t\t\t\t\t\t\t\t\t\t<\/div>\n\t\t\t\t\t\t\t\t<div class=\"elementor-field-type-email elementor-field-group elementor-column elementor-field-group-email elementor-col-100 elementor-field-required\">\n\t\t\t\t\t\t\t\t\t\t\t\t<label for=\"form-field-email\" class=\"elementor-field-label elementor-screen-only\">\n\t\t\t\t\t\t\t\tEmail\t\t\t\t\t\t\t<\/label>\n\t\t\t\t\t\t\t\t\t\t\t\t\t\t<input size=\"1\" type=\"email\" name=\"form_fields[email]\" id=\"form-field-email\" class=\"elementor-field elementor-size-md  elementor-field-textual\" placeholder=\"Votre adresse email\" required=\"required\">\n\t\t\t\t\t\t\t\t\t\t\t<\/div>\n\t\t\t\t\t\t\t\t<div class=\"elementor-field-type-textarea elementor-field-group elementor-column elementor-field-group-message elementor-col-100\">\n\t\t\t\t\t\t\t\t\t\t\t\t<label for=\"form-field-message\" class=\"elementor-field-label elementor-screen-only\">\n\t\t\t\t\t\t\t\tMessage\t\t\t\t\t\t\t<\/label>\n\t\t\t\t\t\t<textarea class=\"elementor-field-textual elementor-field  elementor-size-md\" name=\"form_fields[message]\" id=\"form-field-message\" rows=\"4\" placeholder=\"Votre message\"><\/textarea>\t\t\t\t<\/div>\n\t\t\t\t\t\t\t\t<div class=\"elementor-field-group elementor-column elementor-field-type-submit elementor-col-100 e-form__buttons\">\n\t\t\t\t\t<button class=\"elementor-button elementor-size-md\" type=\"submit\">\n\t\t\t\t\t\t<span class=\"elementor-button-content-wrapper\">\n\t\t\t\t\t\t\t\t\t\t\t\t\t\t\t\t\t\t\t\t\t\t<span class=\"elementor-button-text\">ENVOYER<\/span>\n\t\t\t\t\t\t\t\t\t\t\t\t\t<\/span>\n\t\t\t\t\t<\/button>\n\t\t\t\t<\/div>\n\t\t\t<\/div>\n\t\t<\/form>\n\t\t\t\t\t\t<\/div>\n\t\t\t\t<\/div>\n\t\t\t\t\t<\/div>\n\t\t<\/div>\n\t\t\t\t<div class=\"elementor-column elementor-col-50 elementor-top-column elementor-element elementor-element-e56d7dd\" data-id=\"e56d7dd\" data-element_type=\"column\" data-e-type=\"column\" data-settings=\"{&quot;background_background&quot;:&quot;classic&quot;}\">\n\t\t\t<div class=\"elementor-widget-wrap elementor-element-populated\">\n\t\t\t\t\t\t<div class=\"elementor-element elementor-element-674aae8 elementor-widget elementor-widget-spacer\" data-id=\"674aae8\" data-element_type=\"widget\" data-e-type=\"widget\" data-widget_type=\"spacer.default\">\n\t\t\t\t<div class=\"elementor-widget-container\">\n\t\t\t\t\t\t\t<div class=\"elementor-spacer\">\n\t\t\t<div class=\"elementor-spacer-inner\"><\/div>\n\t\t<\/div>\n\t\t\t\t\t\t<\/div>\n\t\t\t\t<\/div>\n\t\t\t\t\t<\/div>\n\t\t<\/div>\n\t\t\t\t\t<\/div>\n\t\t<\/section>\n\t\t\t\t<\/div>\n\t\t","protected":false},"excerpt":{"rendered":"<p>Laurent Inacio Psychologue clinicien psychoth\u00e9rapeute Enfants, adolescents, adultes, familles, groupes \u00e0 m\u00e9ditation Je suis psychologue clinicien dipl\u00f4m\u00e9 d\u2019\u00e9tat et psychoth\u00e9rapeute. Ma pratique peut \u00e0 la fois \u00eatre \u00ab&nbsp;classique&nbsp;\u00bb en proposant des entretiens individuels et \u00ab&nbsp;sp\u00e9cifique&nbsp;\u00bb se construisant&nbsp; dans les rencontres m\u00e9diatis\u00e9es avec et autour de l&rsquo;environnement nature, dans une approche horti-th\u00e9rapeutique. Le jardin, les espaces [&hellip;]<\/p>\n","protected":false},"author":1,"featured_media":0,"parent":0,"menu_order":0,"comment_status":"closed","ping_status":"closed","template":"elementor_header_footer","meta":{"footnotes":""},"class_list":["post-2","page","type-page","status-publish","hentry"],"_links":{"self":[{"href":"https:\/\/www.psy-laurentinacio.fr\/index.php\/wp-json\/wp\/v2\/pages\/2","targetHints":{"allow":["GET"]}}],"collection":[{"href":"https:\/\/www.psy-laurentinacio.fr\/index.php\/wp-json\/wp\/v2\/pages"}],"about":[{"href":"https:\/\/www.psy-laurentinacio.fr\/index.php\/wp-json\/wp\/v2\/types\/page"}],"author":[{"embeddable":true,"href":"https:\/\/www.psy-laurentinacio.fr\/index.php\/wp-json\/wp\/v2\/users\/1"}],"replies":[{"embeddable":true,"href":"https:\/\/www.psy-laurentinacio.fr\/index.php\/wp-json\/wp\/v2\/comments?post=2"}],"version-history":[{"count":58,"href":"https:\/\/www.psy-laurentinacio.fr\/index.php\/wp-json\/wp\/v2\/pages\/2\/revisions"}],"predecessor-version":[{"id":123,"href":"https:\/\/www.psy-laurentinacio.fr\/index.php\/wp-json\/wp\/v2\/pages\/2\/revisions\/123"}],"wp:attachment":[{"href":"https:\/\/www.psy-laurentinacio.fr\/index.php\/wp-json\/wp\/v2\/media?parent=2"}],"curies":[{"name":"wp","href":"https:\/\/api.w.org\/{rel}","templated":true}]}}